010101110010 + 11?
-10100010101101111
In base 8, what is -13517 - 2?
-13521
In base 12, what is 9 + 2449b?
244a8
In base 3, what is 120100020 + 10002?
120110022
In base 15, what is 137 - -8a?
1c2
In base 5, what is -121303 - 3?
-121311
In base 6, what is 5 + -115241?
-115232
In base 9, what is 3404 + -412?
2882
In base 5, what is 22244 + 1441?
24240
In base 7, what is 46 + -23363?
-23314
In base 3, what is -121122112021 - -2?
-121122112012
In base 8, what is 660 + 53?
733
In base 16, what is -f - 1afe5?
-1aff4
In base 12, what is 6 - -4bb39?
4bb43
In base 2, what is 0 - -10001101000001101?
10001101000001101
In base 16, what is 7 - -70c3?
70ca
In base 3, what is -10011 + -12102?
-22120
In base 7, what is 0 + -463251?
-463251
In base 11, what is -17 - -21548?
21531
In base 7, what is -4340641 - 2?
-4340643
In base 11, what is 22 - -41433?
41455
In base 14, what is -5 + -1005d?
-10064
In base 16, what is -5020 + 2?
-501e
In base 3, what is 12 - -210021221?
210022010
In base 9, what is -3 - -245251?
245247
In base 3, what is -212201111 + 21?
-212201020
In base 3, what is 12 + 110222210001?
110222210020
In base 5, what is 12312322 - -140?
12313012
In base 3, what is 1202 + 20221002010?
20221010212
In base 10, what is 30 - 11260?
-11230
In base 5, what is -31221 - 111?
-31332
In base 6, what is 402 + -5451?
-5045
In base 6, what is -4 + -45115?
-45123
In base 5, what is -44 - 3320434?
-3321033
In base 10, what is 4388 + 147?
4535
In base 11, what is -2a - 13a5?
-1424
In base 11, what is -3 - -29841a?
298417
In base 8, what is -737024 + 2?
-737022
In base 4, what is 112112121 - -3?
112112130
In base 16, what is -5 + -c3c0e?
-c3c13
In base 5, what is 3202 - 4?
3143
In base 9, what is -6428603 + 0?
-6428603
In base 2, what is -101 + -101110110000000001?
-101110110000000110
In base 4, what is -100333001 + 2?
-100332333
In base 10, what is 69 - -986?
1055
In base 12, what is -8 - 772?
-77a
In base 11, what is 171 + -1410?
-124a
In base 5, what is 20 - 34030?
-34010
In base 2, what is 1110110101 - 100110000000?
-10111001011
In base 5, what is -10444112 - -40?
-10444022
In base 11, what is 1 - 4277?
-4276
In base 10, what is -1458 + -7?
-1465
In base 5, what is -131 + 311012?
310331
In base 8, what is 3751 + 42?
4013
In base 5, what is -4 - -4242133?
4242124
In base 8, what is 10 + 4342333?
4342343
In base 15, what is 167 + 9?
171
In base 13, what is -18b5a + 2?
-18b58
In base 5, what is 112 + -22334?
-22222
In base 14, what is 548 - 51?
4d7
In base 16, what is 4 - -5658?
565c
In base 3, what is 121000 + -1101?
112122
In base 10, what is -3135 - -31?
-3104
In base 9, what is -1251 + 4787?
3536
In base 13, what is 12082c - -5?
120834
In base 6, what is 2343 - 23131?
-20344
In base 11, what is 1 + -282a8?
-282a7
In base 5, what is 133 - -12203?
12341
In base 14, what is 41 - 8c9?
-888
In base 5, what is 0 + 313114?
313114
In base 2, what is -101 + 101000000101100011?
101000000101011110
In base 8, what is 46253 + -3?
46250
In base 2, what is 11110011 - -100100101?
1000011000
In base 10, what is 251 - -1009?
1260
In base 7, what is 1051056 + 0?
1051056
In base 7, what is -22304 + 64?
-22210
In base 15, what is -4 + -4d026?
-4d02a
In base 4, what is 1 - -112200000?
112200001
In base 10, what is -117 + -212?
-329
In base 7, what is 1150 - 23?
1124
In base 9, what is -35333 - -15?
-35317
In base 12, what is -3 + 1a0a80?
1a0a79
In base 8, what is 5 - -674556?
674563
In base 16, what is -2 + -45d7f?
-45d81
In base 11, what is 1183 + -5?
1179
In base 5, what is 2303 + 4201?
12004
In base 15, what is 197 + 3b?
1d3
In base 8, what is -117 + -1543?
-1662
In base 3, what is 2222120 + -12?
2222101
In base 13, what is 143487 + 5?
14348c
In base 9, what is 377 + 112?
500
In base 12, what is -1842 - 58?
-189a
In base 2, what is -101010 - 1110111001010110?
-1110111010000000
In base 13, what is -10433 + a?
-10426
In base 10, what is 1 - -30765?
30766
In base 2, what is 100 - -110111001110001110?
110111001110010010
In base 11, what is -2678 - 39?
-2706
In base 13, what is -193 + -29?
-1bc
In base 4, what is 1320331 + -322?
1320003
In base 14, what is 1 + -7c7d6?
-7c7d5
In base 16, what is 3 + 2537?
253a
In base 4, what is 1 + 1130121?
1130122
In base 9, what is -65 - 882?
-1057
In base 9, what is 8447 + -78?
8358
In base 16, what is -8 + 4cae?
4ca6
In base 14, what is -c2a9 - -7?
-c2a2
In base 11, what is 29252 + -1?
29251
In base 9, what is -1036 - -2303?
1256
In base 8, what is 4 + -103460?
-103454
In base 13, what is -725caa + -5?
-725cb2
In base 13, what is -38 + -652?
-68a
In base 9, what is -80336 + 50?
-80276
In base 6, what is 104 + 2053?
2201
In base 15, what is -6298 - -3?
-6295
In base 16, what is 30 - 3f2a?
-3efa
In base 8, what is 1414 - 7?
1405
In base 6, what is 155205 + -102?
155103
In base 13, what is 7 - -509?
513
In base 11, what is 21 - -51269?
5128a
In base 3, what is -121010 + -202201?
-1100211
In base 8, what is -1 + 3347632?
3347631
In base 2, what is 10110000000111111 - 0?
10110000000111111
In base 7, what is 143015 + 1?
143016
In base 11, what is -1 - 23881?
-23882
In base 5, what is -23042 + -2111?
-30203
In base 12, what is -43a + -9b5?
-1233
In base 7, what is 6052 + -10?
6042
In base 15, what is -e291 - -19?
-e277
In base 10, what is -178999 - -1?
-178998
In base 12, what is -6 - -4b04?
4aba
In base 5, what is -230323 - 10?
-230333
In base 14, what is -1 - 28bb0?
-28bb1
In base 4, what is 11 - -3010212?
3010223
In base 3, what is -10 + -110111012?
-110111022
In base 3, what is -100202100 + -10122?
-100212222
In base 10, what is -10 + 428385?
428375
In base 11, what is -2a317 + -a?
-2a326
In base 9, what is -5 - 38624?
-38630
In base 16, what is -c612 + -1?
-c613
In base 6, what is 3112224 - -15?
3112243
In base 15, what is 0 - 7d5?
-7d5
In base 3, what is 102012010221221 - 2?
102012010221212
In base 14, what is 0 + -d727?
-d727
In base 14, what is -1bb66 - -6?
-1bb60
In base 8, what is 4 - -25721?
25725
In base 13, what is 4 + 259a?
25a1
In base 6, what is -154 + 541502?
541304
In base 12, what is -4 - -445b?
4457
In base 5, what is -142100013 + -1?
-142100014
In base 9, what is -32288 - 5?
-32304
In base 15, what is 17bd22 + -4?
17bd1d
In base 14, what is -18 - -8a13?
89d9
In base 10, what is -11 - 45?
-56
In base 7, what is 55450 - 6?
55441
In base 2, what is -1 + 1110111000001?
1110111000000
In base 9, what is -38362 - 20?
-38382
In base 9, what is -1 + -18621?
-18622
In base 7, what is 1456055 + 2?
1456060
In base 13, what is 5 - -3a898?
3a8a0
In base 3, what is 11001202112 - -20?
11001202202
In base 14, what is 2 - 62081?
-6207d
In base 15, what is -206c + -3?
-2070
In base 9, what is 6 - 737434?
-737427
In base 2, what is -1101000100000 + -11?
-1101000100011
In base 4, what is -2313033 + -21?
-2313120
In base 8, what is 15072 + 116?
15210
In base 11, what is -6453 + 588?
-5976
In base 3, what is -12021121220 + 1?
-12021121212
In base 9, what is -215 - 11018?
-11234
In base 11, what is -20 + 2978?
2958
In base 16, what is 3ee7 - -3?
3eea
In base 2, what is -1010100011010110 - 10?
-1010100011011000
In base 13, what is 60c8 - -a?
6105
In base 3, what is 10 - 1110102112?
-1110102102
In base 16, what is -156c5 + 0?
-156c5
In base 6, what is -1 + 4433210?
4433205
In base 12, what is -19531 + -1a?
-1954b
In base 7, what is 11 - -31146?
31160
In base 13, what is 11b2b34 - -1?
11b2b35
In base 16, what is -34d2 - -28?
-34aa
In base 7, what is -3 - 604100?
-604103
In base 12, what is 7a710 - 1?
7a70b
In base 16, what is -12e - 39?
-167
In base 2, what is -100100001011101010 + -11?
-100100001011101101
In base 5, what is -10 - 1420122?
-1420132
In base 4, what is 2 + 22021333?
22022001
In base 3, what is 2202100202 - -10?
2202100212
In base 4, what is -2 + -312212322?
-312212330
In base 11, what is 6 + -37897?
-37891
In base 9, what is 7 - -23168?
23176
In base 9, what is 315 - 157?
147
In base 2, what is -1000110110 - -111010100?
-1100010
In base 11, what is -12886 - -3?
-12883
In base 12, what is 713 - 60?
673
In base 8, what is -3 - 36521?
-36524
In base 16, what is -4eb - -2bb?
-230
In base 5, what is -3 + -124223142?
-124223200
In base 4, what is 1210303313 - -13?
1210303332
In base 7, what is 242660 - -21?
243011
In base 10, what is -3069051 +